 s(x) = 6*x - 2 - 9*x + 16 + 4 - 1. Give s(10).
-13
Let d(g) = -g**2 + 15*g + 11. Let v be d(15). Let a = -16 - -21. Let x(p) = -18*p + v*p + 11*p - a. What is x(4)?
11
Suppose -4 = -5*b + 1. Let o(l) = 11 + 11 + 6 - 43 + 14. Let h(n) = 4*n + 4. Let p(q) = b*h(q) + 5*o(q). What is p(3)?
11
Let r = -722 + 731. Let k(x) = -7*x + 37. Calculate k(r).
-26
Let p = 2257 + -2247. Suppose 0 = -3*a + 7 - 1. Let v(j) = -p*j**a + j**3 - 7*j - 7 - 3 + 11*j**2 - 7*j**2. What is v(7)?
-10
Let m(w) = -3*w**2 - 23*w + 12. Let o(t) = -t**2 - 11*t + 6. Let k be -3*220/(-66)*(-2 + 1). Let g be 1/(2/k)*(-6 - -5). Let c(q) = g*o(q) - 2*m(q). Give c(8).
-2
Let i(g) be the third derivative of 5*g**4/24 - 53*g**3/6 + g**2 + 4856. Give i(-5).
-78
Let m(p) = -p**2 + 4. Let g = -53 + 64. Suppose -u = -g - 16. Let d be ((-32)/(-24))/(12/u). Determine m(d).
-5
Let z(m) = -m**3 - 3*m + 2. Let j be (-1)/(-2) + 11/(-22). Suppose j = 17*w - 16*w - 5. Suppose 4*i = d + 8, 3*d - d - 10 = -w*i. What is z(i)?
-12
Let l(q) be the third derivative of -q**6/120 - 11*q**5/60 - 7*q**4/12 - 105*q**3/2 + 2118*q**2. Calculate l(-12).
-3
Let i(l) be the first derivative of -5*l**2 - 2*l - 4268. Determine i(-7).
68
Let x(b) = -b + b + 3*b - 7 + 0*b + b**2. Let r(z) = -918*z**2 + 0 + 917*z**2 + z + 1. Let g be r(3). Determine x(g).
3
Let k(x) = -x**3 + 5*x**2 + 2. Let i = -2731 - -2735. Determine k(i).
18
Let m(b) = b**2 + 14*b - 14. Let o be m(-15). Let h be 0 - (o - 2) - (4 + 5). Let f(i) = -i - 3. Give f(h).
5
Let v be 1/((-1)/(-22)*2). Suppose -3*y + 2*d + 3 = -17, 2*y - 10 = 3*d. Let w(b) = 525*b**2 - 526*b**2 + y*b + 15 + b. Determine w(v).
-7
Let z(m) = m**2 + 8*m + 3. Let w = -503 + 566. Suppose 33*o - 180 = w*o. What is z(o)?
-9
Let m(q) be the first derivative of q**4/4 - 4*q**3/3 - 3*q**2/2 - 9*q - 996. Calculate m(5).
1
Let n(s) = 14*s**2 - 7*s + 130. Let g(t) = 19*t**2 - 6*t + 133. Let d(z) = -3*g(z) + 4*n(z). Give d(7).
2
Let q be 6/(-15)*(-5)/1*-4. Let t(s) = -10*s - 77. Let y be t(q). Let l(n) = -n**3 + 2*n**2 + 3. Determine l(y).
-6
Let u = 27571 + -27574. Let y(d) = -16*d - 38. Give y(u).
10
Suppose -29 = 5*g - 9. Let t(d) = 56*d + 59*d - 5 - 168*d - 4*d**2 - d**3 + 56*d. Determine t(g).
-17
Let c be (2 + -3)/(5/(-55)). Let u(s) = -2166 - c*s**2 + s**3 - 2*s + 1084 + 1087. Give u(11).
-17
Suppose -54*r - 54*r = -972. Let j(k) = k**3 + k**2 - k - 7*k**2 - 7*k - 2*k**2. Give j(r).
9
Let k(u) = u**2 + 6*u + 7. Let p = -104 + 194. Let h = p - 65. Suppose -3*i + 4*m - h = -m, -5*m = i - 5. Determine k(i).
2
Suppose 3*c - 2*m + 604 = 0, -4*c + 3*c - 4*m - 220 = 0. Let r = c + 203. Let z(v) = 8*v**2 - v. Determine z(r).
9
Let u(j) = -j**2 - 2*j. Let d(s) be the first derivative of -3*s**2/2 - 11*s + 107. Let z be d(-3). Calculate u(z).
0
Let m(u) = u + 1. Let l(h) = h**3 + 3. Let v(x) = -l(x) + m(x). Let d(r) = -12 - 4 - 4*r - 14. Let o be d(-8). What is v(o)?
-8
Suppose 4*s - 38 = -5*h, -5 = -2*h - 3*s + 13. Let x(v) = 8*v - 38. Determine x(h).
10
Let r(y) be the third derivative of -y**4/8 + 28*y**3/3 - 50*y**2 - 21*y. Give r(-5).
71
Suppose -4*d + r + 96 = 0, -r = 3*d - 6*d + 72. Suppose 16 = -3*n - i, -19*i + 3 = -4*n - d*i. Let g(k) = -2*k - 5. Calculate g(n).
9
Let q(s) = s**3 + 2*s**2 + s + 4. Let i be (0 - (-5 + 3))/(-1). Suppose 1 = -o + 5. Let g be -1*i/2 - o. Determine q(g).
-8
Let u(o) = -85*o**3 + 29*o**2 + o - 35. Let g(v) = -31*v**3 + 10*v**2 - 12. Let b(a) = 11*g(a) - 4*u(a). Give b(-6).
32
Let t(h) = -2*h + 20. Let j(l) = 3*l**2 + 307*l - 200. Let k be j(-103). Give t(k).
8
Let s(v) be the first derivative of 2*v**3/3 + v - 1030. Let m be ((2 - 0)/2)/1. What is s(m)?
3
Let m(g) = -g**2 - 10*g + 45. Let l be m(-13). Suppose -t + 5 = -l. Let i(o) = -t - 1 + 9 - 2*o + 2. Give i(-6).
11
Let r(s) = -s**3 - 8*s**2 - 8*s + 1. Let t(i) = i + 4. Let k be t(5). Let n be (k/6)/((-6)/80). Let o = 14 + n. What is r(o)?
-23
Suppose -4 = -n + 2*p, 4*n + 9 = 6*n - 5*p. Let s(r) = -10*r + 9*r - n + 10*r. What is s(-3)?
-29
Suppose 96 = 115*j - 125 - 124. Let x(k) be the third derivative of 0*k + 1/60*k**5 + 2/3*k**j + 0 + 14*k**2 - 1/24*k**4. What is x(4)?
16
Let h(m) = -m**2 + 4*m - 5. Let p(q) = 4*q**3 + 21*q**2 + q - 15. Let b be p(-5). Suppose -9 = -3*a + i, -a + b*i + 9 = -8. What is h(a)?
-1
Let v(y) = 25*y + 267. Let r be v(-11). Let b(m) = 20*m + 50. Calculate b(r).
-110
Let c(b) be the first derivative of -b**4/4 - 2*b**3/3 - 2*b**2 - 10*b + 842. Determine c(-3).
11
Let p be (-3 + 2 - -5) + (1 - 338). Let t = -331 - p. Let z(f) = 2*f + 2. What is z(t)?
6
Suppose -30*l + 29 = -361. Let j(p) = 3*p - 34. What is j(l)?
5
Let n(j) be the third derivative of 17*j**5/20 - j**4/24 + 7*j**3/6 - 5322*j**2. What is n(2)?
209
Let p(y) = 6*y**2 + 7. Let w = 8104 - 8107. Calculate p(w).
61
Let w(s) = -s**3 + 11*s**2 + 6*s + 17. Suppose -12 + 89 = 12*m - 5*m. What is w(m)?
83
Let n(i) = 63*i + 691. Let b be n(-11). Let g(l) = -19*l + 5. Calculate g(b).
43
Let u(g) = -3*g + 24. Let o be u(7). Suppose 0 = 8*j + o + 5. Let a be ((-92)/(-12) - j/3)/2. Let p(m) = -m**2 + 4*m - 5. Determine p(a).
-5
Suppose 0 = -2*h + 217 - 201. Suppose -h = -2*z + z. Let x(k) = -2*k + 6. Give x(z).
-10
Let t(q) = -9*q - 24. Let a(w) = 3*w + 8. Let p(x) = 8*a(x) + 3*t(x). Let z be p(-3). Let d(s) = -6*s**2 + 2*s - 2 + 5*s**2 + 1. What is d(z)?
0
Let a(z) = 34*z**3 - 6*z**2 - 26*z - 5. Let t(w) = -6*w**3 + w**2 + 4*w - 1. Let c(v) = -a(v) - 6*t(v). Determine c(0).
11
Let l(f) be the second derivative of -f**8/6720 - f**7/360 - f**6/720 - 11*f**5/120 + 23*f**4/12 + 29*f. Let x(t) be the third derivative of l(t). Give x(-7).
-4
Let p(t) = -305*t + 160*t + 16 + 149*t - t**2. What is p(5)?
11
Let b(c) = -2*c**3 - 4*c**2 - 4*c + 1. Let l = 324 + -326. Let f be b(l). Let q(w) = -w**3 + 10*w**2 - 8*w + 3. Calculate q(f).
12
Let h(p) = -1441*p - 374663. Let d be h(-260). Let b(u) be the second derivative of -1/12*u**4 - 1/20*u**5 + u + 0 - 1/6*u**3 - 2*u**2. Give b(d).
17
Let k be (-5 - (-22)/4)*(264 - 2). Let g(m) = m - 3*m - k*m**2 + 1 + 6*m**3 + 132*m**2. Suppose -s = -5*f + 3*s + 9, -2*f + 1 = s. Calculate g(f).
6
Suppose t - 8 = -3, 5*d = 2*t. Let c(b) = b**2 + 0*b - 2*b**d + 0*b - 7*b. Calculate c(-6).
6
Suppose -6*u + 270 - 66 = 0. Let f = u - 34. Let m(l) = -6*l**2 - l**3 + 3*l**2 - l + 0*l + f*l. Give m(-4).
20
Let u(k) = -5*k - 11. Let m(d) be the first derivative of -3*d**2 - 15*d + 79. Let f(z) = -3*m(z) + 4*u(z). What is f(4)?
-7
Let a(o) = -3*o**2 + 6*o + 1. Let q(r) = 19*r**2 - 17*r + 5. Let p(c) = 3*a(c) + q(c). Determine p(-2).
46
Suppose 8*v = -3*v + 33. Suppose -8*z = -7*z - 2. Let u(o) = o**v - 5*o**z + 3*o - 3 + o**2 + o**2. Calculate u(2).
-1
Let m(d) = -2*d**3 + 6*d**2 + d - 4. Let p(t) = -t**3 + t**2 + 3. Let a(r) = 2*m(r) - 3*p(r). Determine a(9).
1
Let s be 9 + 346/(-38) - 534/(-19). Suppose s*b + 169 = -55. Let a(p) = p**2 + 11*p + 7. Determine a(b).
-17
Let h(o) = -o**2 + 3*o - 1. Let v(c) = 5*c**2 - 14*c + 6. Let z(s) = 11*h(s) + 2*v(s). Let b be -8 - ((-69)/3 + 11). Calculate z(b).
5
Let k(z) be the first derivative of -z**4/12 + 13*z**3/6 + z**2/2 + 21*z + 27. Let m(c) be the second derivative of k(c). Give m(4).
5
Let o = 115 - 114. Let y(f) = -1 + o - 13 - f. Give y(-6).
-7
Let r(v) = -v**3 + 3*v**2 - 1. Suppose -82 = -10*h - 22. Suppose 6 = -3*l, 20*p - l = 22*p + h. Determine r(p).
19
Let d(l) = l**2 - 2*l**2 + 0*l**2 - 1 + 6*l. Let q(o) = -4*o**3 + 8*o**2 + 2 - 6*o**3 + 4 + 20*o + 9*o**3. Let i be q(10). Determine d(i).
-1
Suppose -2026*b - 218 = -2063*b + 4. Let u(g) be the first derivative of g**3/3 - 5*g**2/2 - 8*g - 1. Determine u(b).
-2
Suppose 7*c + 24 = 3*c + k, 4*k = 0. Let n(j) be the first derivative of j**2/2 - 188. Calculate n(c).
-6
Let f(m) = -m**3 - 4*m**2 - 2. Let z be f(-4). Let g(k) be the first derivative of -10*k**2 - 3*k + 40695. Determine g(z).
37
Let g(v) = -v**2 - 26*v - 128. Let t be ((-14)/8)/((-275)/(-44) - 6). What is g(t)?
5
Let b(v) = -2*v**3 - 9*v**2 + 6*v + 4. Let s be 3/((-1 + -2)/6). Let m be s/(-4)*(-430)/129. Give b(m).
-1
Let b(h) = -h**3 + 2*h**2 + 3*h - 4. Let p(c) = -2*c - 14. Let g be p(-7). Suppose 3*w - 45 + 18 = g. Suppose -10*j - w = -13*j. Give b(j).
-4
Let m be -25 - (8 - -3 - 29). Let t(a) be the second derivative of -a**3/3 - 4*a